 - 31. List the prime factors of l(7).
2, 5
Suppose 9*i - 505 - 1943 = 0. What are the prime factors of i?
2, 17
Let z = -204 - -447. List the prime factors of z.
3
Let z be 2/(-9) + (-585)/(-81). Let u(x) = 9*x - 13. Let p(j) = 5*j - 7. Let y(f) = z*p(f) - 4*u(f). What are the prime factors of y(-8)?
11
Let u = -1126 + 6108. List the prime factors of u.
2, 47, 53
Let g(l) = l - 1. Let a be g(3). Let p(w) = 11*w**2 - w + 1. What are the prime factors of p(a)?
43
Let g = -10 + 14. Suppose 3*r = r - 5*t + 91, -5*r + 253 = g*t. What are the prime factors of r?
53
What are the prime factors of (207477/135 - -1) + (-4)/(-30)?
2, 769
Suppose -7*q = -2*q - 30. Let u be ((-28)/(-21))/((-6)/(-9)). Suppose j - q = -u*j. List the prime factors of j.
2
Let z = 17 - 2. Let p be (0 + 1)/(3/z). Suppose p*n - 55 - 125 = 0. List the prime factors of n.
2, 3
Suppose 0 = 19*u - 14*u - 335. Let o = u + 66. What are the prime factors of o?
7, 19
Suppose 0 = -57*m + 61*m - 696. Let g = 310 - m. What are the prime factors of g?
2, 17
Let m(w) be the second derivative of w**5/10 - w**4/3 - 2*w**3/3 + 2*w**2 - 16*w. What are the prime factors of m(3)?
2, 5
Suppose 4*c - 252 = -4*s, -5*c - 87 = 4*s - 5*s. Suppose -408 - s = -5*w. List the prime factors of w.
5, 19
Suppose 1509 = 3*x + 5*b - 4*b, -6 = 2*b. Suppose 3*f - 10*f = -x. List the prime factors of f.
2, 3
List the prime factors of (7 + (-221)/65)/(2/235).
3, 47
Let b(c) be the first derivative of c**4/2 - 13*c**3/3 + 13*c**2/2 + 9*c - 23. What are the prime factors of b(8)?
5, 61
Suppose -2*q = -5*r - 5 - 2, 0 = -4*r + 12. Let u(y) = -y**2 + 8*y - 9. Let j be u(q). Let c = j + 82. List the prime factors of c.
2, 5
Let b be (-6408)/45 - (-3)/(-5). Let c = b - -19. What are the prime factors of c*-3*4/48?
31
Let q(a) be the third derivative of a**5/60 + a**4/3 + a**3/2 + 16*a**2. What are the prime factors of q(-11)?
2, 3
Let v = 30 - 34. What are the prime factors of v/(-6)*261/6?
29
Let m(q) = -q**2 + 6*q + 9. Let a be m(7). Suppose -a*b + 15 = -7*b. List the prime factors of 2/((-2)/b) + 13.
2
Let j(z) = -z**3 - 10*z**2 - 15*z - 5. What are the prime factors of j(-10)?
5, 29
Suppose 0 = -2*t + 4*t + 6. Suppose 8*l + 11 = 5*o + 11*l, 2*l - 6 = -2*o. List the prime factors of 1*t*(-4 + o).
3
Suppose -515 = -6*g + g. Let a be 4/(46/210 + (-6)/21). Let u = g + a. List the prime factors of u.
43
Let w = -2 + 7. Suppose -6*s + 18 = -3*s + 4*p, w*s + 5*p = 25. Suppose -s*l + 20 = -0*l. List the prime factors of l.
2, 5
Suppose 8*f - 2449 = -2*x + 11*f, -f = 2*x - 2453. List the prime factors of x.
2, 613
Let k(u) = 4*u**2 - 20*u - 53. List the prime factors of k(-3).
43
Let b(t) = -t**3 + 15*t**2 - 21*t - 19. Let r be b(13). Let l = 79 - r. List the prime factors of l.
3, 11
Let j = -105 + 293. Suppose -j = -3*i + i. What are the prime factors of i?
2, 47
Let u be ((-7)/2)/((-1)/2). Let y(r) = -r - 8. Let s be y(0). List the prime factors of u*3*s/(-7).
2, 3
Let r = 27 + -22. Let d = 57 + r. What are the prime factors of d?
2, 31
Let w = 1497 - 545. Suppose 9*t - t = w. What are the prime factors of t?
7, 17
Let k(d) = d**3 + d**2 + d + 4. Let g be k(0). Suppose g*f - 337 = 3*b, 0*b = 2*b + 6. List the prime factors of f.
2, 41
Suppose -343 - 439 = -2*y. List the prime factors of y.
17, 23
Let j(x) = x**3 - 3*x**2 + 3*x + 8. Let g be j(7). Suppose -3*m = 3*k + k - g, -m - 4*k + 67 = 0. List the prime factors of m.
79
Let v(o) = 135*o + 16. What are the prime factors of v(22)?
2, 1493
Suppose 0 = 3*a - 2*r + 4*r - 28, -3*a - 3*r = -27. Let n = -34 - a. What are the prime factors of ((-3)/(-6))/((-2)/n)?
11
Suppose 3*p + 0 = -12, 5*j + 3*p = 18. What are the prime factors of 5/(-15) - (-164)/j?
3
Let j = -15 + 14. Let k be (-52)/(-2)*(-3 - j). What are the prime factors of 21*(-1 - k/28)?
2, 3
Let d(f) = -f**3 + 11*f**2 + 10*f + 12. Suppose u + 61 = 4*u - 5*j, -3*j + 45 = 5*u. Let k be d(u). Let a = k - -39. What are the prime factors of a?
3
Let q(k) = -10 - 7 + 3*k**2 + 3*k + 0*k + 20. List the prime factors of q(8).
3, 73
Let v be ((-16)/(-24))/(1/(-21)). Let y be (v + 15)*(-5)/(-1). Suppose y*l = n + 2 + 5, 5*l - 13 = -n. List the prime factors of l.
2
List the prime factors of 268*(-8)/(-2) - (-49 - -54).
11, 97
Let j(i) = i**3 - 6*i**2 + 6*i - 1. Suppose -r + 0 - 24 = -5*b, -5 = -5*r. Let k be j(b). Suppose -k*n + 25 = -23. What are the prime factors of n?
2, 3
Let z = -57 + 62. What are the prime factors of 3/z + -1 + (-1868)/(-20)?
3, 31
Suppose 13*s = 16361 + 13279. What are the prime factors of s?
2, 3, 5, 19
Suppose 22 = 3*h + 5*p, -8 = 10*h - 14*h + 4*p. Let n be (-3 + 0)/((-9)/6). Suppose s + 3*s - 32 = h*y, n*s - 3*y = 12. List the prime factors of s.
2, 3
Let h = 12152 + -8518. What are the prime factors of h?
2, 23, 79
Let i = -30 - -33. Suppose 0 = 5*d - 5*k - 115, -36 = -i*d - 5*k + 65. List the prime factors of d.
3
List the prime factors of (30/4)/((-22)/(-924)).
3, 5, 7
Let x(p) = -p**3 - 42*p**2 - 69*p - 66. List the prime factors of x(-41).
2, 541
Suppose -64*q + 63 = -57*q. Suppose -q*w + 785 = -4*w. What are the prime factors of w?
157
Let n be (-2)/13 + 2460/(-65). Let h = n - -23. List the prime factors of ((-12)/h)/(5/175).
2, 7
Suppose -c = -2*x - 4 + 9, 5*x - 5*c - 25 = 0. Let s = x - 8. What are the prime factors of 119/9 + s/36?
13
Let h be -6*((-12)/(-9))/(-4). Let k be (-2 - (-5)/h)*0. Let z(d) = d**3 + d**2 - 2*d + 30. What are the prime factors of z(k)?
2, 3, 5
Suppose 8*k - 72 = 136. What are the prime factors of k?
2, 13
Let c(z) = -3*z + 2*z**2 - 2*z - 1 - 7*z**2 - 2*z**3 - 2*z. Let n be c(-5). Suppose 0 = -4*i + 3*r + n, -5*r = -4*i + i + 122. List the prime factors of i.
3, 13
Let b(u) be the second derivative of -2*u**3 + 5*u**2/2 + 9*u. Let z be b(-4). Suppose 2*g - z = 45. What are the prime factors of g?
7
Suppose 2*f = -f + 3*o, -3*f - 4*o = -14. Suppose 1 = -3*b + 6*b - 5*d, -16 = 4*b + f*d. Let q = 5 - b. List the prime factors of q.
2
Suppose 5*c - 4*y - 3236 = 0, -c + y + 933 - 285 = 0. List the prime factors of c.
2, 7, 23
Let z(q) = 2*q**2 - q + 7. Suppose -3*t = 3*j + 6, 0*t + 14 = -3*j - t. What are the prime factors of z(j)?
5, 17
Suppose -2*h + 5 - 5 = 0. Suppose -4*t - 3*r + 904 = -h*r, 4*t + 4*r - 908 = 0. What are the prime factors of t?
223
Let m be (-8)/(-28) + 61/7. List the prime factors of 1/2*(m - 4 - -159).
2, 41
Suppose 0 = -16*l + 25*l - 16092. List the prime factors of l.
2, 3, 149
Let a be 3/(-6) - (-2268)/24. Let g = a + -47. List the prime factors of g.
47
Let m = -990 + 2079. What are the prime factors of m?
3, 11
Suppose -5*x + 3*b - b - 29 = 0, 5*x + 4*b = -47. Let v = -4 - x. Suppose -31 = -f + t + v, 0 = -2*f - 2*t + 52. List the prime factors of f.
2, 3, 5
Let f be (6 + 1)/(5/(84 + -4)). Let q = f - 47. What are the prime factors of q?
5, 13
Let a be -18*5/(-40)*72. Suppose -a = -5*r + 3*r. List the prime factors of r.
3
Let o(m) = -m**3 - 11*m**2 - 6*m - 18. Let p be o(-12). Suppose -5*a + a = b - p, -2*b + 249 = 5*a. List the prime factors of a.
7
Let w(c) = c**3 + 20*c**2 + 36*c - 5. Let j be w(-18). List the prime factors of ((-14)/j)/(26/455).
7
List the prime factors of (536 - -2) + 3 + 6/(-3).
7, 11
Suppose -596 = -4*r + 508. List the prime factors of r.
2, 3, 23
Suppose 2536 = -2*k + 10*k. Suppose -2*c - k = -3*c. What are the prime factors of c?
317
Let r(g) = -g**2 + 6*g + 10. Let s be r(7). What are the prime factors of (-16 - (-3)/s)*-1?
3, 5
Let j be 2/(-2) - (2 + 2). Let u be ((-4)/j)/(10/(-25)). List the prime factors of ((-3)/5)/(u/20).
2, 3
Let s be (-2)/7 - 531/(-21). Suppose 3*w - 8*w = s. List the prime factors of (2/w)/((-6)/240).
2
Let u(g) = g**3 + g + 1. Let x(f) = 4*f**3 - 3*f**2 + 4*f + 3. Let p(v) = -3*u(v) + x(v). Let r be p(-3). Let n = -41 - r. List the prime factors of n.
2
Let x = 221 + 267. List the prime factors of x.
2, 61
Suppose 0 = 5*b - 2*k - 0*k - 1050, k = -2*b + 420. List the prime factors of b.
2, 3, 5, 7
List the prime factors of 9/3 - (-8 - 1733).
2, 109
Let o be 2 + -16 - 8/2. Let c be (3 + o)*3/(-9). Suppose -5*q + 245 = -c*j, 2*q = 3*q - 4*j - 55. List the prime factors of q.
47
Let r = -96 - -357. List the prime factors of r.
3, 29
Let d be (-1 - 0) + 1 + 3 + -7. What are the prime factors